 What is the highest common divisor of 8 and v?
8
Let z(i) = 5*i**2 + 13*i - 9. Let h(s) = -s**3 - 7*s**2 - 8*s + 5. Let l be h(-5). Let j be z(l). Calculate the highest common divisor of 34 and j.
17
Suppose 0 = -5*k + 25, -4*f + 22*k - 13 = 25*k. Let r(m) = m + 0*m + 3 + 7. Let c be r(f). Calculate the greatest common factor of c and 30.
3
Let a(j) = -j**2 + 16*j + 35. Let u = -50 - -67. Let z be a(u). Calculate the highest common factor of 90 and z.
18
Suppose -3*i + 465 = -510. Suppose b + 72 = i. Calculate the greatest common divisor of 23 and b.
23
Let k be 4/(-6)*(3 - 0) - 31. Let t = k - -51. What is the greatest common divisor of t and 9?
9
Let r be 10/4*-159*(-930)/75. Calculate the greatest common divisor of r and 93.
93
Suppose 0 = 14*l - 7439 - 3341. What is the highest common factor of l and 66?
22
Let l = 19 - -19. Suppose 114 = 5*x - 0*a + 4*a, l = x - 3*a. What is the highest common factor of x and 65?
13
Let c(f) be the third derivative of -1/24*f**4 + 0*f - 4*f**2 + 1/3*f**3 + 0. Let l be c(-6). Calculate the greatest common divisor of l and 40.
8
Suppose 35 = 2*p + 5*o, -3*p + 2*o + 0*o = -5. Suppose -t = -v - 99, -p*t + 5*v = -2*t - 299. Calculate the highest common divisor of t and 14.
14
Let o = 1220 + -950. What is the highest common factor of o and 20?
10
Let j = 1289 + -341. What is the greatest common divisor of 12 and j?
12
Suppose 0 = -6*j - 135 - 177. Let t = -45 - j. Calculate the highest common divisor of 14 and t.
7
Suppose -2*h = -24 + 10. Suppose 2*l = -5*s + 146, 63 = 2*s + 2*l + 1. What is the greatest common factor of s and h?
7
Let s be (198/27)/(-11) + 244/6. Suppose 1 = 4*a - 7. Suppose 0 = -a*f, -2*c - c = -2*f - 300. Calculate the highest common factor of s and c.
20
Suppose 2*t - 50 = 70. Let m be (18/4)/((-13)/(-130)). Calculate the highest common divisor of t and m.
15
Suppose 0 = -5*w - 2 - 8, 2*k = -2*w + 32. What is the greatest common factor of k and 117?
9
Let h = -32 - -34. Let x(t) = 9*t + 8. Let i be x(h). What is the greatest common factor of 26 and i?
26
Suppose -6 + 38 = x. Suppose -9*v + 1322 = 890. Calculate the greatest common divisor of x and v.
16
Suppose y - 11 = 2*y. Suppose 4*z + 3*r - 2 = -12, -3*z = -2*r - 1. Let i be (y - 1)/z + 0. Calculate the greatest common divisor of i and 132.
12
Suppose x - 5*r + 1 = 0, -x + 6 = -28*r + 30*r. Let w = 114 + -78. Calculate the highest common divisor of w and x.
4
Let a(f) = f**3 + 13*f**2 + 9*f - 6. Suppose 0 = -3*v - 12 - 24. Let k be a(v). Suppose j = -j + k. What is the greatest common factor of 15 and j?
15
Suppose -f = -6 - 1. Suppose 0*y - 35 = f*y. Let j(x) = x**2 + 2*x + 5. Let r be j(y). Calculate the greatest common divisor of 5 and r.
5
Let q = -5 + 13. Suppose c - 2*j = 18, -3*j + 0*j - 34 = -2*c. Let k = c - q. What is the greatest common divisor of 36 and k?
6
Let t be (-1 + 4/(-12))*15. Let g = -18 - t. Let y be 3/(-6*(-2)/88). Calculate the highest common factor of g and y.
2
Suppose -h + 32 = 3*h. Suppose h*s + 108 = 10*s. What is the highest common divisor of 18 and s?
18
Let l = -110 + 202. What is the highest common divisor of 4 and l?
4
Let t(o) = 7*o - 83. Let x be t(15). What is the greatest common factor of 11 and x?
11
Let z be (-4)/(-1) - 3 - 54. Let h = z + 116. What is the greatest common divisor of 9 and h?
9
Suppose -4*r = 4*a - 14464, r - 2*a = -a + 3616. Calculate the greatest common factor of r and 32.
32
Suppose 2*j = -o + 14 - 6, j - 3*o - 4 = 0. What is the greatest common divisor of j and 5?
1
Suppose 4*u - 6*z + 5*z = 55, 3*z = -5*u + 73. Let j be ((-1)/(-1))/(2/42). Calculate the highest common factor of j and u.
7
Let a(s) = s**3 - 5*s**2 - 7*s + 3. Let p be a(7). Let w = 21 - 15. Let j be p/5 - w/15. Calculate the highest common factor of 25 and j.
5
Let b = -88 + 59. Let y = b - -57. Let k be (-2)/4 + 87/6. What is the highest common factor of y and k?
14
Suppose -2*g + 28 = -60. Suppose -4*p = -4*f - 100, 7*f - 3*f + 12 = 0. Calculate the greatest common divisor of g and p.
22
Let j be (3 - 5 - -8)*(3 - -1). Let b be j + 0 + 3 + -3. What is the greatest common divisor of b and 6?
6
Suppose 63*o + 28*o - 6279 = 0. What is the greatest common factor of 51 and o?
3
Suppose c + 4*n = 345 - 17, -1298 = -4*c - 2*n. What is the greatest common divisor of c and 12?
12
Suppose 4*w - 160 + 0 = 0. Let c be w/6*(-66)/(-44). Calculate the highest common divisor of 10 and c.
10
Suppose 5*y - y = 100. Let p = 83 + 42. Calculate the highest common factor of p and y.
25
Suppose v = -2*v + 57. Suppose -1526 = 3*s - 0*s + 5*u, 5*u = -2*s - 1014. Let r be (-1)/(-3) + s/(-3). What is the greatest common divisor of v and r?
19
Let h(u) = u**3 - 8*u**2 + 8*u - 6. Let b be h(6). Let j = -27 - b. Suppose j*x - 5*x + 90 = 0. Calculate the greatest common factor of x and 15.
15
Let d(l) = l**2 - 3*l + 4. Let q be d(-4). Suppose -3*m + 2564 = 2*r + 1706, -r - 1443 = -5*m. What is the highest common factor of m and q?
32
Let m = 91 + -61. Suppose -k + 42 - m = 0. What is the greatest common divisor of 78 and k?
6
Let l = 2 + 97. What is the greatest common divisor of l and 18?
9
Let a be (5/((-10)/52))/(-2). Calculate the highest common divisor of 169 and a.
13
Suppose -11*s + 554 = -128. What is the greatest common divisor of s and 310?
62
Let n be ((-180)/(-42) - 5) + (-4)/14. Let a be n/2*-9*10/3. Calculate the greatest common divisor of a and 60.
15
Suppose -5*j + 274 = 94. Let q(n) = 5*n**2 + 2*n + 9. Let m be q(-3). Calculate the greatest common divisor of j and m.
12
Let c = -9 + 10. Let k = c + 26. Let f = 31 + -13. Calculate the greatest common divisor of f and k.
9
Suppose 3*f = d - 8, f = -5*d - 2 + 10. Let p = 0 + 0. Let r be p - (-96 + -2 + d). What is the greatest common factor of r and 12?
12
Let x be ((-336)/49)/(3/(-14)). What is the greatest common divisor of x and 6?
2
Let i(w) be the second derivative of -w**5/20 + w**4/12 + 2*w**3 + 6*w**2 - 7*w. Let r be i(-6). What is the greatest common factor of 24 and r?
24
Suppose -4*h - 5*b + 3 = 0, 0*h = 2*h - 4*b - 8. Suppose p + 4*n - 1 = 0, -h*p + 3*n + 15 = -20. What is the highest common factor of 13 and p?
13
Let i be 4 - 2 - -113 - 3. Suppose 5*m - 560 = d, m + d = -2*d + i. What is the greatest common divisor of m and 280?
56
Let u = -170 - -197. Suppose 3*j = 2*y + 3*y + u, -58 = -5*j + 4*y. Calculate the greatest common divisor of j and 224.
14
Let r = -17 - -21. Suppose m + 52 = 5*o - 9, r*o = 5*m + 53. Calculate the highest common factor of o and 6.
6
Let p(x) = 2*x**2 + 6*x + 1. Let f(u) = 2*u**2 + 7*u. Let k(b) = -2*f(b) + 3*p(b). Let v be k(-3). What is the highest common factor of v and 9?
9
Let n = 1174 + -598. Suppose -3*q - n = -7*q. Suppose 4*p - 2*x = 2*x + 56, 4*p - 80 = -2*x. What is the greatest common divisor of q and p?
18
Let t(j) = 11*j - 6. Suppose -5*f = -3*f + 4*c - 20, -5*f + 4*c = -8. Let o be t(f). Let v be -1 - -6 - 14*-1. Calculate the highest common factor of v and o.
19
Let j(r) = r + 34. Let n be j(-13). Calculate the highest common divisor of n and 168.
21
Let o(a) = -a - 44*a**3 - 5*a**2 + 5*a**2. Let x be o(-1). Let l = 235 - 205. Calculate the highest common factor of x and l.
15
Let p(w) = w**2 + 6*w - 3. Let g be p(-7). Let k = 67 - 39. What is the highest common divisor of g and k?
4
Suppose -2*w + 3*w + 2*v - 42 = 0, 0 = 5*w - 5*v - 255. Let t(y) = 8*y**2 - y - 3. Let b be t(-3). What is the greatest common factor of b and w?
24
Let q = -55 - -66. Calculate the highest common factor of 176 and q.
11
Suppose 0 = -31*i + 404 + 2417. What is the greatest common divisor of i and 7?
7
Suppose 3*k + 2*k - 20 = 0. Let d = -10 - -14. What is the highest common divisor of k and d?
4
Suppose -4*p - 2*h + 20 = 0, p + 17*h = 12*h + 14. Suppose 2*v - p = -4*y + 10, -4 = 2*v - 5*y. Calculate the greatest common factor of 7 and v.
1
Suppose -k + 3*v = -97, -4*k + 29*v + 423 = 24*v. What is the highest common divisor of k and 16?
16
Suppose -o + 59 = 3*q - 48, 0 = 3*q - 4*o - 82. What is the highest common divisor of 34 and q?
34
Let x(t) = 9*t - 4. Let h be x(6). Suppose -10*f + 1067 = -473. Let a = 279 - f. What is the highest common factor of a and h?
25
Suppose -4*s - 108 = -384. Let h = s + -49. What is the greatest common